aluate 27 + (45 + 0 + -22 - 15).
35
Calculate -83 + -32 + 70 - -88.
43
What is the value of (35 - (-9 - -41)) + -1 + -3?
-1
(-1 - ((-2 - -33) + 3)) + 217 + -225
-43
What is 7 - (-10 - (5 - 7) - -3) - 44?
-32
(26 - -1) + (-130 - -113) - -20
30
What is the value of 24 + -22 - (9 + -19 + 11 - (-1 - -5))?
5
Calculate -75 + 30 + (6 - (83 + -46)).
-76
What is (-3 + 5 - 82) + -24?
-104
Calculate (-15 - (50 - -12)) + (9 + -1 - 4 - -6).
-67
What is the value of 57 + 12 + -9 + -13 + -5?
42
Evaluate 17 + (-40 - -16 - (12 + -33)).
14
Calculate 12 + (-35 - -22 - (-30 - 4)).
33
Evaluate -30 + 111 + -63 + -2 + -2.
14
What is -54 + -12 + -1 + 32 + 3?
-32
What is the value of -28 + 925 + -911 + (-15 - 0)?
-29
What is 1 + 8 + (20 - (1 - -41) - 6 - -9)?
-10
Calculate -18 + 28 + (-25 - -8) - (1 + -30).
22
Evaluate (-7 - (-5 + 2) - 57) + -29 + 12 + 19.
-59
1 + 53 + (40 - 61)
33
What is the value of 7 + ((8 + -2 + 22 - 9) + 3 - -10)?
39
-8 - (-20 + -21 + 2 + 13)
18
What is the value of (6 + (10 - 10) - (-5 - (4 - 7))) + 14?
22
65 + (-57 - (14 + -13 - 44))
51
(13 - 3) + 114 + -55 + 4
73
2 + (-1 - 7 - (-1820 + 1869))
-55
Evaluate 64 + -61 + 63 + 0 + (-1 - -3).
68
22 + 26 + (4 - 17)
35
What is the value of 10 + 16 + 91 + (-60 - -36)?
93
24 + -4 - (1 + -14 + 22)
11
Calculate 0 - 1 - (-15 - (58 + -52)).
20
-42 + (-9 + (21 - (-10 + 15)) - 16)
-51
What is the value of (108 - -3) + -58 + 91 + -77?
67
Calculate (35 - 27) + -13 + (-4 - -5 - -33).
29
What is (350 - 284 - (3 - 0 - (-2 - -3))) + -11?
53
(8 - (4 - 4)) + -12 - (14 + 12 - -7)
-37
-25 + 16 - (-10 + 0 - -17 - (11 + -6))
-11
What is 6 + (2 - -5) - (-22 + (-10 - -2))?
43
What is the value of (-5 - -2) + ((36 - -17) + -20 + -15 - -5)?
20
What is the value of -13 - (5 - (5 - -4)) - (0 - (34 + -6))?
19
What is -14 + -29 + (121 + 8 - -34)?
120
33 + (66 - 44 - 39)
16
What is 12 - (-6 + (-24 + 11 + 3 - (-13 - -3)))?
18
Evaluate -55 + 46 + -16 - 6.
-31
Evaluate 34 - -59 - ((15 - 14) + 26).
66
8 - (-50 - -5) - -5 - (-124 - -114)
68
Evaluate (-32 - 1) + 16 + 13 + -2 + -37.
-43
Calculate (-3 - -11) + -1 - (143 + 105 + -162).
-79
Evaluate -6 + (-3 + (-3 - -9) + 5 - 103) + -3.
-104
What is the value of 20 + -22 - (-3 + 9 - 1 - -46)?
-53
What is 10 - (-22 - (-236 + 87))?
-117
9 + (12 - 10) + (-1 - (-6 - -12)) + -5
-1
What is -142 + 87 - (-3 - 25)?
-27
What is the value of (-264 - -412) + (-2 - (3 - 0)) + -6?
137
What is (0 - -24) + -80 + -39 + 55?
-40
Evaluate 68 - (10 - (-12 + -4)).
42
Evaluate -16 + 2 + -153 + 181 + 27 + -3.
38
Evaluate -21 - (-23 - -5) - (-23 - 2).
22
What is the value of 33 + -51 + -4 - -15?
-7
Calculate -35 - -68 - -52 - 27.
58
What is -11 + (2 - 62 - (25 + 31 - 38))?
-89
34 - 56 - (1 + 2 + (-45 - -41))
-21
Evaluate 11 + -26 + -64 + 27.
-52
Evaluate -40 + 192 + -151 - (-76 + 2).
75
What is the value of 0 + 58 + 1 - (-817 - -851 - (-1 - -26))?
50
Calculate -11 + -28 + 5 + 1 + 54.
21
What is the value of 16 - ((17 - 10) + -40 + 0 + 32)?
17
Evaluate -41 + (2 - (-4 - 0)) - (-4 - -14).
-45
What is -29 - (-71 - (-34 - -17))?
25
Evaluate 9 + 1 + (123 - 1 - 117).
15
-12 + (10 - (-4 - 34))
36
-97 + 80 + 32 + -52
-37
What is the value of 11 + (29 - 59) + 1 + 12 + 9?
3
What is -37 + (1 - (3 - 11)) + -3 + 55 + -59?
-35
Evaluate -12 + -4 + -21 + -1 + (278 - 254).
-14
What is the value of -14 - (-94 + 109) - (2 + -1)?
-30
What is the value of 26 + -52 + 107 + -50?
31
Calculate -7 + 12 + -82 + (5 - -96).
24
What is -4 - -12 - 88 - (107 + -128)?
-59
What is the value of 62 + -25 + -81 + 15?
-29
Calculate -20 + 44 + -26 + 8 - (1 + 27).
-22
Evaluate -49 - (-10 + 74) - 13.
-126
What is (739 - 678) + -2 + -16 - -16?
59
Evaluate -2 - ((11 - (22 - (-14 - -27))) + 8).
-12
Calculate (0 + 49 - (-14 - -8)) + 4 - -5.
64
12 - ((84 - -20) + (-21 - 6))
-65
Calculate -82 + (67 - 6) - (-3 + 35).
-53
What is the value of 76 + -16 + 91 + -146?
5
Calculate -7 - 22 - (11 + 4 + -13 + -14).
-17
Calculate 2177 + -2172 + (2 - (-3 + 3) - 70 - 1).
-64
What is the value of -31 - 10 - (-92 + 19)?
32
-36 - (37 + 87 + -119)
-41
Evaluate -2 + 1 - -77 - (2 - -25 - (-101 - -121)).
69
What is (34 - -5) + -59 + -16 + 68?
32
What is the value of -33 - 1 - -4 - (-66 + 23)?
13
Calculate 21 + -12 + 6 + -8 + 1 + 3.
11
(-19 - (-6 + 9)) + -3 + 2 + 30 + -30
-23
Evaluate 13 - (-23 - (-12 - -38)) - (13 - 0).
49
Evaluate -12 - (-35 + (2 - (7 - 10)) - (25 - 15)).
28
What is -12 + -23 + 1 + 73 + 4?
43
Evaluate -110 + 8 + ((-11 - -4) + 15 - 8).
-102
Evaluate 67 + 25 + -60 - (2 + 0 - -7).
23
(-43 - 102 - -114) + -97
-128
What is the value of 77 + (-5 - (-74 - -45) - (-1 + 6))?
96
What is -50 - ((18 - -11 - -2) + -23)?
-58
Calculate -31 - ((0 - 2) + 5) - (-3252 + 3265).
-47
-20 + -2 - (2 + -2 + (-299 - -288))
-11
Evaluate (-28 + 83 - 42) + (-7 - 1) + 2.
7
Calculate (-15 - 15) + 36 + (51 - (-2 + 6)).
53
What is the value of 1 + -11 - ((5 + -94 - -9) + (-16 - -33))?
53
What is the value of (-49 + 67 - 12) + -30?
-24
5 + 105 + 2 + (19 - (28 - (-14 + 20)))
109
Evaluate 4 + 0 + (48 - (6 - (-17 - 4))).
25
Evaluate (-19 - (-18 - -25) - -50) + -89.
-65
-84 - (-190 - -184 - (20 + -19 - (20 + 1)))
-98
What is 6 + 2 + 3 + -38 + (13 - (-32 - -2))?
16
Evaluate 3 - (-93 - (-1 + -17 + (23 - (-3 + 20)))).
84
Calculate (67 + -185 - -31) + 86.
-1
Evaluate -38 - 1 - (163 + -510 - -414).
-106
What is 4386 + -4445 - (-141 - 0)?
82
67 + -64 + 1 + -4 + -75 + 109
34
88 + (64 - (86 - -23))
43
What is 3 + -1 - (1 + 7 - 2 - (-8211 - -8175))?
-40
What is -21 + (-20 - -3 - (-31 - -15) - -6)?
-16
-3 - -1 - (29 + 8 + -54 + 128)
-113
Evaluate (82 - 98) + (0 + -1 - (22 - 17)).
-22
(-1 - -22) + -25 - 11 - -33
18
What is the value of (-30 - (-9 - (-2 - -8))) + 22 - 47?
-40
Evaluate -79 + 0 + -4464 + 4464.
-79
Calculate (-21 - 2) + 20 + 2 + 51.
50
Evaluate -21 + 43 + (4 - 39) - (0 - -30).
-43
Calculate -378 - -337 - (-40 + 0).
-1
Evaluate -40 - (5 - (212 - 78)).
89
What is the value of -39 + 32 + 5 - (-109 + 75)?
32
Calculate (-132 - -76) + 58 - (-29 + 0).
31
Calculate (24 - 16) + (12 + 2 + -17 + -11 - 19).
-25
Evaluate -5 + 7 + 14 + 27 + -7 + 8.
44
Calculate -7 - (-6 + 97) - (-5 + 9 + (-3 - 9)).
-90
Calculate (-46 - -54) + 5 + -2 + 4 + 25.
40
Calculate (2 - -2 - (166 + -217)) + -20.
35
Evaluate (-15 - (41 + 44 + -73)) + 150.
123
Evaluate (0 - 84) + -10 - -67.
-27
What is -16 - (46 - 32) - (2 + 0)?
-32
What is the value of 7 + -26 + 37 + 7 + -27?
-2
What is 52 - 36 - ((-28 - -11) + -6)?
39
Calculate 25 + (9 - -45 - 44).
35
What is -68 + (60 - (10 - 66))?
48
Calculate 2 + -43 + 155 + -59.
55
Calculate -39 + 22 + (8 - 49 - 13).
-71
Evaluate -21 + (13 + 60 - 57).
-5
What is the value of -23 + 64 - (-84 + 69)?
56
Evaluate 16 + -7 - (-44 - -23 - (1 + -2 + 0)).
29
1 - -30 - (-4 + 5 - -2 - -6) - 7
15
Calculate -20 + (-174 - -209) + -23 + 3.
-5
-21 + -32 + (7 - -17) - -34
5
(-26 - -45) + (188 + -92 - (0 + 8))
107
-10 - (-22 - -8) - -7 - (11 + -6 - 78)
84
What is the value of 0 + 85 - (-17 + (-1 - (-18 - (-13 + 8))))?
90
Evaluate 6 + 7 - (-20 - -30 - -12) - 71.
-80
What is the value of -3 - (11 + -1 - 8) - (68 - -12) - 11?
-96
What is the value of 8 + (-2 + -1 - (-14 + (2 - 4) + 64))?
-43
What is 11 - (0 - 93 - (-74 + 46))?
76
What is the value of -13 + 0 - (-36 - (-22 - -9)) - -109?
119
What is the value of -81 + ((-31 - -31 - -9) + 0 + -2 - 5)?
-79
Evaluate (-83 - -5) + (-37 - -41).
-74
Evaluate (-16 - (-25 + 4)) + -18 + 47.
34
Calculate -105962 + 105942 - (-30 - (-1 - -2)).
11
Evaluate (-10 - (-2 + -7 - -8)) + -20 + 9 + -3.
-23
Calculate -289 - -280 - (-6 - 3 - (3 - 1)).
2
Calculate 4 - ((-2 + 85 - (43 - 34)) + 20).
-90
Calculate -43 + (58 - 42) - (2 + -19).
-10
What is -35 + 73 - -52 - 155?
-65
Calculate 15 - (22 + -25 + -10 + (-1 - -30)).
-1
39 + -3 + (-1343 - -1401)
94
-1 + -11 - (-141 - -116) - (-7 - -15)
5
What is (1 - 67) + (-10 - (8 - 27)) + -9 + -12?
-78
4 + 1 + 8 + 38 + -66
-15
Calculate 8 - (-22 - (-51 + 27)) - -36.
42
What is -87 + 49 + 79 - 64?
-23
-100 - ((-168 - -94) + 14)
-40
Evaluate 1 + 10 - ((-115 - -80) + -72) - (12 + -2).
108
Evaluate -29 + -14 + 62 + -26.
-7
What is the value of (22 - (20 + -10 + -1) - 1) + -2?
10
Evaluate -89 + 45 - 40 - -72.
-12
What is the value of 38 - (10 - (43 - (-21 - -43)))?
49
(-1 + 0 - (0 + -2)) + (57 + 0 - 54)
4
What is the value of -34 + 19 + -70 - (6 + -29)?
-6